{"id":74,"date":"2021-02-12T20:18:06","date_gmt":"2021-02-12T19:18:06","guid":{"rendered":"https:\/\/pestcontrol.sk\/?page_id=74"},"modified":"2022-02-17T16:53:59","modified_gmt":"2022-02-17T15:53:59","slug":"dezinfekcia-2","status":"publish","type":"page","link":"https:\/\/pestcontrol.sk\/index.php\/dezinfekcia-2\/","title":{"rendered":"dezinfekcia"},"content":{"rendered":"\n<ul class=\"wp-block-list\"><li>akcie zameran\u00e9 na ni\u010denie choroboplodn\u00fdch z\u00e1rodkov<\/li><li>aplik\u00e1cie dezinfekcie pred, po\u010das a po n\u00e1kaze a zamoren\u00ed v\u00edrusom SARS &#8211; CoV &#8211; 2 v bytoch, domoch, kancel\u00e1riach, &#8230;<\/li><li>dezinfekcia po m\u0155tvom<\/li><\/ul>\n","protected":false},"excerpt":{"rendered":"<p>akcie zameran\u00e9 na ni\u010denie choroboplodn\u00fdch z\u00e1rodkov aplik\u00e1cie dezinfekcie pred, po\u010das a po n\u00e1kaze a zamoren\u00ed v\u00edrusom SARS &#8211; CoV &#8211; 2 v bytoch, domoch, kancel\u00e1riach, &#8230; dezinfekcia po m\u0155tvom<\/p>\n","protected":false},"author":1,"featured_media":0,"parent":0,"menu_order":0,"comment_status":"closed","ping_status":"closed","template":"","meta":{"footnotes":""},"class_list":["post-74","page","type-page","status-publish","hentry"],"_links":{"self":[{"href":"https:\/\/pestcontrol.sk\/index.php\/wp-json\/wp\/v2\/pages\/74","targetHints":{"allow":["GET"]}}],"collection":[{"href":"https:\/\/pestcontrol.sk\/index.php\/wp-json\/wp\/v2\/pages"}],"about":[{"href":"https:\/\/pestcontrol.sk\/index.php\/wp-json\/wp\/v2\/types\/page"}],"author":[{"embeddable":true,"href":"https:\/\/pestcontrol.sk\/index.php\/wp-json\/wp\/v2\/users\/1"}],"replies":[{"embeddable":true,"href":"https:\/\/pestcontrol.sk\/index.php\/wp-json\/wp\/v2\/comments?post=74"}],"version-history":[{"count":4,"href":"https:\/\/pestcontrol.sk\/index.php\/wp-json\/wp\/v2\/pages\/74\/revisions"}],"predecessor-version":[{"id":98,"href":"https:\/\/pestcontrol.sk\/index.php\/wp-json\/wp\/v2\/pages\/74\/revisions\/98"}],"wp:attachment":[{"href":"https:\/\/pestcontrol.sk\/index.php\/wp-json\/wp\/v2\/media?parent=74"}],"curies":[{"name":"wp","href":"https:\/\/api.w.org\/{rel}","templated":true}]}}